{"id":780,"date":"2026-03-30T17:22:17","date_gmt":"2026-03-30T17:22:17","guid":{"rendered":"https:\/\/elainapupikkutassut.fi\/?page_id=780"},"modified":"2026-04-19T16:46:10","modified_gmt":"2026-04-19T16:46:10","slug":"loikkien-kohti-ystavyytta-webinaari","status":"publish","type":"page","link":"https:\/\/elainapupikkutassut.fi\/?page_id=780","title":{"rendered":"Loikkien kohti yst\u00e4vyytt\u00e4- webinaari"},"content":{"rendered":"<div class=\"wp-block-image\">\n<figure class=\"aligncenter size-large is-resized\"><img loading=\"lazy\" decoding=\"async\" width=\"1024\" height=\"589\" src=\"https:\/\/elainapupikkutassut.fi\/wp-content\/uploads\/2026\/02\/cropped-cropped-photo_2025-12-01_13-22-32-1-1024x589.jpg\" alt=\"\" class=\"wp-image-47\" style=\"aspect-ratio:1.7385680098311882;width:594px;height:auto\" srcset=\"https:\/\/elainapupikkutassut.fi\/wp-content\/uploads\/2026\/02\/cropped-cropped-photo_2025-12-01_13-22-32-1-1024x589.jpg 1024w, https:\/\/elainapupikkutassut.fi\/wp-content\/uploads\/2026\/02\/cropped-cropped-photo_2025-12-01_13-22-32-1-300x173.jpg 300w, https:\/\/elainapupikkutassut.fi\/wp-content\/uploads\/2026\/02\/cropped-cropped-photo_2025-12-01_13-22-32-1-768x442.jpg 768w, https:\/\/elainapupikkutassut.fi\/wp-content\/uploads\/2026\/02\/cropped-cropped-photo_2025-12-01_13-22-32-1.jpg 1080w\" sizes=\"auto, (max-width: 1024px) 100vw, 1024px\" \/><\/figure>\n<\/div>\n\n\n<p><\/p>\n\n\n\n<p class=\"has-text-align-center\">Aiheuttaako kanien yhdist\u00e4minen sinulle harmaita hiuksia ja suurta p\u00e4\u00e4nvaivaa?<\/p>\n\n\n\n<p class=\"has-text-align-center\">Jos vastasi &#8221;Kyll\u00e4&#8221;, t\u00e4m\u00e4 webinaari on juuri sinua varten!<\/p>\n\n\n\n<p class=\"has-text-align-center\">Kanit ovat sosiaalisia el\u00e4imi\u00e4, jotka tarvitsevat lajitoverin seuraa, mutta toisilleen vieraiden kanien tutustuttaminen toisiinsa ei aina ole kovin mutkatonta. Kanien yhdist\u00e4minen tuottaakin monille suurta p\u00e4\u00e4nvaivaa ja tuskanhike\u00e4.<\/p>\n\n\n\n<p class=\"has-text-align-center\">LOIKKIEN KOHTI YST\u00c4VYYTT\u00c4- webinaarissa saat vastauksia moniin kanien yhdist\u00e4mist\u00e4 koskeviin kysymyksiin. K\u00e4ymme l\u00e4pi erilaisia yhdist\u00e4mistapoja sek\u00e4 my\u00f6s sit\u00e4, mink\u00e4laisia keinoja ei tulisi k\u00e4ytt\u00e4\u00e4 kanien yhdist\u00e4misess\u00e4. Pohdimme my\u00f6s sit\u00e4, mitk\u00e4 eri seikat voivat vaikuttaa yhdist\u00e4mistilanteeseen, miten yhdist\u00e4miseen tulee valmistautua ja miksi yhdist\u00e4minen ei v\u00e4ltt\u00e4m\u00e4tt\u00e4 aina onnistu.<\/p>\n\n\n\n<p class=\"has-text-align-center\">Luennoitsijana toimii Pikkutassujen kaneihin erikoistunut el\u00e4intenkouluttaja Riina Aapio.<\/p>\n\n\n\n<p class=\"has-text-align-center\">Webinaari j\u00e4rjestet\u00e4\u00e4n ma 20.4. klo:18 Teamsissa. Luennon kesto on noin 1,5 tuntia ja aikaa on varattu my\u00f6s osallistujien kysymyksille. Webinaariin osallistuville l\u00e4hetet\u00e4\u00e4n kutsulinkit Teamsiin s\u00e4hk\u00f6postitse muutama p\u00e4iv\u00e4 ennen webinaaria.<\/p>\n\n\n\n<p class=\"has-text-align-center\">Etk\u00f6 p\u00e4\u00e4se osallistumaan luennolle, mutta aihe kiinnostaisi? Ei h\u00e4t\u00e4\u00e4 &#8211; <strong>luento tallennetaan<\/strong> ja kaikki webinaariin ilmoittautuneet saavat tallenteen webinaarin j\u00e4lkeen katsottavaksi! P\u00e4\u00e4set siis katsomaan tallenteen j\u00e4lkik\u00e4teen, vaikka et p\u00e4\u00e4sisi mukaan liveluennolle!<\/p>\n\n\n\n<p class=\"has-text-align-center has-black-color has-text-color has-link-color wp-elements-27732126300467f5b267fe566ab0c5c8\">Hinta 25\u20ac. Ilmoittaudu mukaan s\u00e4hk\u00f6postitse (riina@elainapupikkutassut.fi) tai osta oma paikkasi webinaariin <a href=\"https:\/\/holvi.com\/shop\/elainapupikkutassut\/\" data-type=\"link\" data-id=\"https:\/\/holvi.com\/shop\/elainapupikkutassut\/\">verkkokaupasta<\/a>.<\/p>\n\n\n\n<p class=\"has-text-align-center\"><strong>Ilmoittaudu mukaan VIIMEIST\u00c4\u00c4N MA 20.4. KLO: 12 MENNESS\u00c4.<\/strong><\/p>\n\n\n\n<blockquote class=\"wp-block-quote is-layout-flow wp-block-quote-is-layout-flow\">\n<p class=\"has-text-align-center has-medium-font-size\">&#8221;<em>Hyv\u00e4 kokonaisuus aihepiirist\u00e4, josta on viel\u00e4 ollut melko v\u00e4h\u00e4n tietoa saatavilla tai tieto ja suositukset ovat olleet ristiriitaisia tai h\u00e4mment\u00e4vi\u00e4.<\/em>&#8221;<\/p>\n\n\n\n<p class=\"has-text-align-center has-small-font-size\"><em>Asiakaspalaute &#8221;Loikkien kohti yst\u00e4vyytt\u00e4&#8221;- webinaarista <\/em><\/p>\n<\/blockquote>\n\n\n\n<blockquote class=\"wp-block-quote is-layout-flow wp-block-quote-is-layout-flow\">\n<p class=\"has-text-align-center has-medium-font-size\">&#8221;<em>Tykk\u00e4sin, miten n\u00e4ytit omia kokemuksia\/tilanteita ja kerroit niist\u00e4!\ud83d\ude04 Videoista oli paljon hy\u00f6ty\u00e4 ja esitys oli selke\u00e4\u00e4.<\/em>&#8221;<\/p>\n\n\n\n<p class=\"has-text-align-center has-small-font-size\"><em>Asiakaspalaute &#8221;Loikkien kohti yst\u00e4vyytt\u00e4&#8221;- webinaarista <\/em><\/p>\n<\/blockquote>\n\n\n\n<p><\/p>\n","protected":false},"excerpt":{"rendered":"<p>Aiheuttaako kanien yhdist\u00e4minen sinulle harmaita hiuksia ja suurta p\u00e4\u00e4nvaivaa? Jos vastasi &#8221;Kyll\u00e4&#8221;, t\u00e4m\u00e4 webinaari on juuri sinua varten! Kanit ovat sosiaalisia el\u00e4imi\u00e4, jotka tarvitsevat lajitoverin seuraa, mutta toisilleen vieraiden kanien tutustuttaminen toisiinsa ei aina ole kovin mutkatonta. Kanien yhdist\u00e4minen tuottaakin monille suurta p\u00e4\u00e4nvaivaa ja tuskanhike\u00e4. LOIKKIEN KOHTI YST\u00c4VYYTT\u00c4- webinaarissa saat vastauksia moniin kanien yhdist\u00e4mist\u00e4 koskeviin &hellip; <\/p>\n","protected":false},"author":1,"featured_media":0,"parent":0,"menu_order":0,"comment_status":"closed","ping_status":"closed","template":"","meta":{"footnotes":""},"class_list":["post-780","page","type-page","status-publish","hentry"],"_links":{"self":[{"href":"https:\/\/elainapupikkutassut.fi\/index.php?rest_route=\/wp\/v2\/pages\/780","targetHints":{"allow":["GET"]}}],"collection":[{"href":"https:\/\/elainapupikkutassut.fi\/index.php?rest_route=\/wp\/v2\/pages"}],"about":[{"href":"https:\/\/elainapupikkutassut.fi\/index.php?rest_route=\/wp\/v2\/types\/page"}],"author":[{"embeddable":true,"href":"https:\/\/elainapupikkutassut.fi\/index.php?rest_route=\/wp\/v2\/users\/1"}],"replies":[{"embeddable":true,"href":"https:\/\/elainapupikkutassut.fi\/index.php?rest_route=%2Fwp%2Fv2%2Fcomments&post=780"}],"version-history":[{"count":10,"href":"https:\/\/elainapupikkutassut.fi\/index.php?rest_route=\/wp\/v2\/pages\/780\/revisions"}],"predecessor-version":[{"id":845,"href":"https:\/\/elainapupikkutassut.fi\/index.php?rest_route=\/wp\/v2\/pages\/780\/revisions\/845"}],"wp:attachment":[{"href":"https:\/\/elainapupikkutassut.fi\/index.php?rest_route=%2Fwp%2Fv2%2Fmedia&parent=780"}],"curies":[{"name":"wp","href":"https:\/\/api.w.org\/{rel}","templated":true}]}}