{"id":272,"date":"2026-02-11T11:21:39","date_gmt":"2026-02-11T11:21:39","guid":{"rendered":"https:\/\/elainapupikkutassut.fi\/?page_id=272"},"modified":"2026-03-29T13:45:48","modified_gmt":"2026-03-29T13:45:48","slug":"joka-pupun-virikepaketti","status":"publish","type":"page","link":"https:\/\/elainapupikkutassut.fi\/?page_id=272","title":{"rendered":"Joka Pupun Virikepaketti"},"content":{"rendered":"<div class=\"wp-block-image\">\n<figure class=\"aligncenter size-large is-resized\"><img loading=\"lazy\" decoding=\"async\" width=\"1024\" height=\"576\" src=\"https:\/\/elainapupikkutassut.fi\/wp-content\/uploads\/2026\/02\/photo_2025-10-15_12-54-58-1024x576.jpg\" alt=\"\" class=\"wp-image-261\" style=\"width:694px;height:auto\" srcset=\"https:\/\/elainapupikkutassut.fi\/wp-content\/uploads\/2026\/02\/photo_2025-10-15_12-54-58-1024x576.jpg 1024w, https:\/\/elainapupikkutassut.fi\/wp-content\/uploads\/2026\/02\/photo_2025-10-15_12-54-58-300x169.jpg 300w, https:\/\/elainapupikkutassut.fi\/wp-content\/uploads\/2026\/02\/photo_2025-10-15_12-54-58-768x432.jpg 768w, https:\/\/elainapupikkutassut.fi\/wp-content\/uploads\/2026\/02\/photo_2025-10-15_12-54-58.jpg 1280w\" sizes=\"auto, (max-width: 1024px) 100vw, 1024px\" \/><\/figure>\n<\/div>\n\n\n<p><\/p>\n\n\n\n<p class=\"has-text-align-center\">Kaipaatko lis\u00e4\u00e4 ideoita ja vinkkej\u00e4 kaniesi virikkeist\u00e4miseen? Haluatko oppia lis\u00e4\u00e4 kanien virikkeist\u00e4misest\u00e4 ja siit\u00e4, miten monipuolinen virikkeist\u00e4minen vaikuttaa positiivisesti kaniesi hyvinvointiin?<\/p>\n\n\n\n<p class=\"has-text-align-center\">Jos vastasit edell\u00e4 oleviin kysymyksiin &#8221;Kyll\u00e4&#8221;, on&nbsp;<strong>Joka Pupun Virikepaketti<\/strong>&nbsp;juuri sinua varten!<\/p>\n\n\n\n<p class=\"has-text-align-center\">T\u00e4m\u00e4 kattava palvelukokonaisuus auttaa sinua kanien virikkeist\u00e4misen suunnittelussa. Palvelupakettiin sis\u00e4ltyy kattava alkukartoitus, kaksi 30 minuutin mittaista et\u00e4tapaamista Pikkutassujen kouluttajan kanssa sek\u00e4 teille yksil\u00f6llisesti r\u00e4\u00e4t\u00e4l\u00f6idyn virikesuunnitelman yhdeksi kuukaudeksi.<\/p>\n\n\n\n<p class=\"has-text-align-center\">Virikesuunnitelman laatii Pikkutassujen kouluttaja, ja suunnitelman tekemisess\u00e4 huomioidaan kanien yksil\u00f6lliset tarpeet sek\u00e4 kanien omien ihmisten k\u00e4ytett\u00e4viss\u00e4 olevat resurssit ja toiveet virikkeist\u00e4misen suhteen. Lis\u00e4ksi saat k\u00e4ytt\u00f6\u00f6si&nbsp;<strong>JOKA PUPUN VIRIKEOPPAAN<\/strong>, josta l\u00f6ytyy ideoita ja vinkkej\u00e4 kanien virikkeist\u00e4miseen sek\u00e4 helposti toteutettavia virikeideoita kokeiltavaksi. Virikeopas l\u00e4hetet\u00e4\u00e4n erillisen\u00e4 s\u00e4hk\u00f6postina ensimm\u00e4isen et\u00e4tapaamisen j\u00e4lkeen. <\/p>\n\n\n\n<p class=\"has-text-align-center\">Palvelupaketin hinta 85\u20ac. <\/p>\n\n\n\n<p class=\"has-text-align-center has-black-color has-text-color has-link-color wp-elements-f2cf4b0c712dcee371a85bee772c62be\">Varaa &amp; osta aikasi <a href=\"https:\/\/slotti.fi\/booking\/elainapupikkutassut\/#\/\">ajanvarauskalenterista<\/a> tai ota yhteytt\u00e4 s\u00e4hk\u00f6postitse\/puhelimitse!<\/p>\n\n\n\n<p class=\"has-text-align-center\">Konsultaatiot voidaan toteuttaa my\u00f6s kotik\u00e4yntin\u00e4 Somerolla ja Someron naapurikunnissa. Kotik\u00e4ynneist\u00e4 laskutetaan my\u00f6s mahdolliset kilometrikorvaukset (0,50\u20ac\/km). <\/p>\n\n\n\n<p class=\"has-text-align-center\"><\/p>\n\n\n\n<p><\/p>\n","protected":false},"excerpt":{"rendered":"<p>Kaipaatko lis\u00e4\u00e4 ideoita ja vinkkej\u00e4 kaniesi virikkeist\u00e4miseen? Haluatko oppia lis\u00e4\u00e4 kanien virikkeist\u00e4misest\u00e4 ja siit\u00e4, miten monipuolinen virikkeist\u00e4minen vaikuttaa positiivisesti kaniesi hyvinvointiin? Jos vastasit edell\u00e4 oleviin kysymyksiin &#8221;Kyll\u00e4&#8221;, on&nbsp;Joka Pupun Virikepaketti&nbsp;juuri sinua varten! T\u00e4m\u00e4 kattava palvelukokonaisuus auttaa sinua kanien virikkeist\u00e4misen suunnittelussa. Palvelupakettiin sis\u00e4ltyy kattava alkukartoitus, kaksi 30 minuutin mittaista et\u00e4tapaamista Pikkutassujen kouluttajan kanssa sek\u00e4 teille yksil\u00f6llisesti &hellip; <\/p>\n","protected":false},"author":1,"featured_media":0,"parent":0,"menu_order":0,"comment_status":"closed","ping_status":"closed","template":"","meta":{"footnotes":""},"class_list":["post-272","page","type-page","status-publish","hentry"],"_links":{"self":[{"href":"https:\/\/elainapupikkutassut.fi\/index.php?rest_route=\/wp\/v2\/pages\/272","targetHints":{"allow":["GET"]}}],"collection":[{"href":"https:\/\/elainapupikkutassut.fi\/index.php?rest_route=\/wp\/v2\/pages"}],"about":[{"href":"https:\/\/elainapupikkutassut.fi\/index.php?rest_route=\/wp\/v2\/types\/page"}],"author":[{"embeddable":true,"href":"https:\/\/elainapupikkutassut.fi\/index.php?rest_route=\/wp\/v2\/users\/1"}],"replies":[{"embeddable":true,"href":"https:\/\/elainapupikkutassut.fi\/index.php?rest_route=%2Fwp%2Fv2%2Fcomments&post=272"}],"version-history":[{"count":8,"href":"https:\/\/elainapupikkutassut.fi\/index.php?rest_route=\/wp\/v2\/pages\/272\/revisions"}],"predecessor-version":[{"id":774,"href":"https:\/\/elainapupikkutassut.fi\/index.php?rest_route=\/wp\/v2\/pages\/272\/revisions\/774"}],"wp:attachment":[{"href":"https:\/\/elainapupikkutassut.fi\/index.php?rest_route=%2Fwp%2Fv2%2Fmedia&parent=272"}],"curies":[{"name":"wp","href":"https:\/\/api.w.org\/{rel}","templated":true}]}}