{"id":238,"date":"2026-02-10T12:19:03","date_gmt":"2026-02-10T12:19:03","guid":{"rendered":"https:\/\/elainapupikkutassut.fi\/?page_id=238"},"modified":"2026-03-06T13:18:29","modified_gmt":"2026-03-06T13:18:29","slug":"palvelupaketit-2","status":"publish","type":"page","link":"https:\/\/elainapupikkutassut.fi\/?page_id=238","title":{"rendered":"Palvelupaketit"},"content":{"rendered":"\n<div class=\"wp-block-media-text is-stacked-on-mobile is-image-fill-element\"><figure class=\"wp-block-media-text__media\"><img loading=\"lazy\" decoding=\"async\" width=\"1024\" height=\"576\" src=\"https:\/\/elainapupikkutassut.fi\/wp-content\/uploads\/2026\/02\/photo_2025-12-01_13-22-32-2-1024x576.jpg\" alt=\"\" class=\"wp-image-259 size-full\" style=\"object-position:50% 50%\" srcset=\"https:\/\/elainapupikkutassut.fi\/wp-content\/uploads\/2026\/02\/photo_2025-12-01_13-22-32-2-1024x576.jpg 1024w, https:\/\/elainapupikkutassut.fi\/wp-content\/uploads\/2026\/02\/photo_2025-12-01_13-22-32-2-300x169.jpg 300w, https:\/\/elainapupikkutassut.fi\/wp-content\/uploads\/2026\/02\/photo_2025-12-01_13-22-32-2-768x432.jpg 768w, https:\/\/elainapupikkutassut.fi\/wp-content\/uploads\/2026\/02\/photo_2025-12-01_13-22-32-2.jpg 1280w\" sizes=\"auto, (max-width: 1024px) 100vw, 1024px\" \/><\/figure><div class=\"wp-block-media-text__content\">\n<p><\/p>\n\n\n\n<h2 class=\"wp-block-heading\">K\u00e4p\u00e4l\u00e4t kohti yhteiseloa! <\/h2>\n\n\n\n<p>Tukea ja apua kanien yhdist\u00e4mishaasteisiin. <a href=\"https:\/\/elainapupikkutassut.fi\/?page_id=271\" data-type=\"page\" data-id=\"271\">Tutustu lis\u00e4\u00e4!<\/a> <\/p>\n<\/div><\/div>\n\n\n\n<div class=\"wp-block-media-text is-stacked-on-mobile is-image-fill-element\"><figure class=\"wp-block-media-text__media\"><img loading=\"lazy\" decoding=\"async\" width=\"1024\" height=\"576\" src=\"https:\/\/elainapupikkutassut.fi\/wp-content\/uploads\/2026\/02\/photo_2025-10-15_12-54-58-1024x576.jpg\" alt=\"\" class=\"wp-image-261 size-full\" style=\"object-position:50% 50%\" srcset=\"https:\/\/elainapupikkutassut.fi\/wp-content\/uploads\/2026\/02\/photo_2025-10-15_12-54-58-1024x576.jpg 1024w, https:\/\/elainapupikkutassut.fi\/wp-content\/uploads\/2026\/02\/photo_2025-10-15_12-54-58-300x169.jpg 300w, https:\/\/elainapupikkutassut.fi\/wp-content\/uploads\/2026\/02\/photo_2025-10-15_12-54-58-768x432.jpg 768w, https:\/\/elainapupikkutassut.fi\/wp-content\/uploads\/2026\/02\/photo_2025-10-15_12-54-58.jpg 1280w\" sizes=\"auto, (max-width: 1024px) 100vw, 1024px\" \/><\/figure><div class=\"wp-block-media-text__content\">\n<p><\/p>\n\n\n\n<h2 class=\"wp-block-heading\">Joka Pupun Virikepaketti<\/h2>\n\n\n\n<p>Uusia ideoita ja vinkkej\u00e4 kanien monipuoliseen virikkeist\u00e4miseen! <a href=\"https:\/\/elainapupikkutassut.fi\/?page_id=272\" data-type=\"page\" data-id=\"272\">Tutustu lis\u00e4\u00e4!<\/a> <\/p>\n<\/div><\/div>\n\n\n\n<p><\/p>\n","protected":false},"excerpt":{"rendered":"<p>K\u00e4p\u00e4l\u00e4t kohti yhteiseloa! Tukea ja apua kanien yhdist\u00e4mishaasteisiin. Tutustu lis\u00e4\u00e4! Joka Pupun Virikepaketti Uusia ideoita ja vinkkej\u00e4 kanien monipuoliseen virikkeist\u00e4miseen! Tutustu lis\u00e4\u00e4!<\/p>\n","protected":false},"author":1,"featured_media":0,"parent":0,"menu_order":0,"comment_status":"closed","ping_status":"closed","template":"","meta":{"footnotes":""},"class_list":["post-238","page","type-page","status-publish","hentry"],"_links":{"self":[{"href":"https:\/\/elainapupikkutassut.fi\/index.php?rest_route=\/wp\/v2\/pages\/238","targetHints":{"allow":["GET"]}}],"collection":[{"href":"https:\/\/elainapupikkutassut.fi\/index.php?rest_route=\/wp\/v2\/pages"}],"about":[{"href":"https:\/\/elainapupikkutassut.fi\/index.php?rest_route=\/wp\/v2\/types\/page"}],"author":[{"embeddable":true,"href":"https:\/\/elainapupikkutassut.fi\/index.php?rest_route=\/wp\/v2\/users\/1"}],"replies":[{"embeddable":true,"href":"https:\/\/elainapupikkutassut.fi\/index.php?rest_route=%2Fwp%2Fv2%2Fcomments&post=238"}],"version-history":[{"count":4,"href":"https:\/\/elainapupikkutassut.fi\/index.php?rest_route=\/wp\/v2\/pages\/238\/revisions"}],"predecessor-version":[{"id":532,"href":"https:\/\/elainapupikkutassut.fi\/index.php?rest_route=\/wp\/v2\/pages\/238\/revisions\/532"}],"wp:attachment":[{"href":"https:\/\/elainapupikkutassut.fi\/index.php?rest_route=%2Fwp%2Fv2%2Fmedia&parent=238"}],"curies":[{"name":"wp","href":"https:\/\/api.w.org\/{rel}","templated":true}]}}