{"id":172,"date":"2026-02-09T15:33:46","date_gmt":"2026-02-09T15:33:46","guid":{"rendered":"https:\/\/elainapupikkutassut.fi\/?page_id=172"},"modified":"2026-03-06T13:14:51","modified_gmt":"2026-03-06T13:14:51","slug":"esittely-2","status":"publish","type":"page","link":"https:\/\/elainapupikkutassut.fi\/?page_id=172","title":{"rendered":"Esittely"},"content":{"rendered":"<div class=\"wp-block-image\">\n<figure class=\"aligncenter size-large\"><img loading=\"lazy\" decoding=\"async\" width=\"1024\" height=\"683\" src=\"https:\/\/elainapupikkutassut.fi\/wp-content\/uploads\/2026\/02\/DSCF9467-1024x683.jpg\" alt=\"\" class=\"wp-image-181\" srcset=\"https:\/\/elainapupikkutassut.fi\/wp-content\/uploads\/2026\/02\/DSCF9467-1024x683.jpg 1024w, https:\/\/elainapupikkutassut.fi\/wp-content\/uploads\/2026\/02\/DSCF9467-300x200.jpg 300w, https:\/\/elainapupikkutassut.fi\/wp-content\/uploads\/2026\/02\/DSCF9467-768x512.jpg 768w, https:\/\/elainapupikkutassut.fi\/wp-content\/uploads\/2026\/02\/DSCF9467-1536x1024.jpg 1536w, https:\/\/elainapupikkutassut.fi\/wp-content\/uploads\/2026\/02\/DSCF9467-2048x1365.jpg 2048w\" sizes=\"auto, (max-width: 1024px) 100vw, 1024px\" \/><figcaption class=\"wp-element-caption\"><em>Riina Aapio ja h\u00e4nen kaninsa Windy (taaempana) ja Jussi (edemp\u00e4n\u00e4)<\/em><\/figcaption><\/figure>\n<\/div>\n\n\n<h2 class=\"wp-block-heading\">El\u00e4intenhoitaja &amp; El\u00e4intenkouluttaja (at) Riina Aapio <\/h2>\n\n\n\n<p>Olen ollut lapsesta asti kiinnostunut el\u00e4imist\u00e4 ja t\u00e4m\u00e4 onkin kulkenut mukanani aina aikuisik\u00e4\u00e4n asti. Sen &#8221;oman jutun&#8221; l\u00f6ytyminen vei kuitenkin oman aikansa: lukion j\u00e4lkeen opiskelin vuoden kansanopistossa musiikkiteatteria ja hain my\u00f6s jatko-opiskelemaan kulttuurialalle, johon en kuitenkaan p\u00e4\u00e4ssyt. My\u00f6hemmin opiskelin my\u00f6s parturi-kampaajaksi, mutta totesin hyvin nopeasti, ett\u00e4 t\u00e4m\u00e4 ala ei ollutkaan minun juttuni. K\u00e4vin koulun kuitenkin sinnikk\u00e4\u00e4sti loppuun asti, mutta valmistumisen j\u00e4lkeen mietin j\u00e4lleen, ett\u00e4 mik\u00e4 minusta ihan OIKEASTI voisi tulla. Olin py\u00f6ritellyt mieless\u00e4ni jo jonkin aikaa ajatusta el\u00e4intenhoitajan ammatista ja syksyll\u00e4 2017 p\u00e4\u00e4tin kokeilla onneani ja hakea j\u00e4lleen kouluun. Minut hyv\u00e4ksyttiin opiskelemaan ja n\u00e4in aloitin joulukuussa 2017 el\u00e4intenhoitajan opinnot Livian Ammattiopistossa. Samoihin aikoihin aloitin my\u00f6s osa-aikaisen el\u00e4intenhoitajan ty\u00f6t El\u00e4insuojelukeskus Tuulisp\u00e4\u00e4ss\u00e4, jossa ty\u00f6skentelinkin parisen vuotta el\u00e4intenhoitajana. Kun p\u00e4\u00e4sin opiskelemaan ja tekem\u00e4\u00e4n t\u00f6it\u00e4 el\u00e4inten parissa, tajusin hyvin nopeasti, ett\u00e4 nyt olen l\u00f6yt\u00e4nyt sen oman juttuni.<\/p>\n\n\n\n<p>El\u00e4m\u00e4 vei muutamaksi vuodeksi kuitenkin muihin t\u00f6ihin, jolloin muun muassa ajelin kuorma-autoa, toimin kaupan t\u00e4tin\u00e4 sek\u00e4 lemmikkiel\u00e4intarvikeliikkeen myyj\u00e4n\u00e4. Kaipuu takaisin el\u00e4inten pariin oli kuitenkin eritt\u00e4in vahva ja erityisesti el\u00e4inten k\u00e4ytt\u00e4ytymisen maailma alkoi kiehtoa yh\u00e4 enemm\u00e4n. Lopulta hain opiskelemaan el\u00e4intenhoitajan ammattitutkintoa &#8211; p\u00e4\u00e4sin kouluun ja joulukuussa 2023 valmistuin el\u00e4intenkouluttajaksi tehden kouluttamisen n\u00e4ytt\u00f6ni kanien ja koirien kanssa. <\/p>\n\n\n\n<p>Ensimm\u00e4inen askel el\u00e4inten kouluttamisen maailmaan tapahtui jo el\u00e4intenhoitajaopintojen aikana, kun tein lopputy\u00f6projektiani. Ensimm\u00e4inen kouluttamani el\u00e4inlaji ei suinkaan ollut kani eik\u00e4 koira &#8211; vaan minipossu! Lopputy\u00f6projektinani oli opettaa Tuulisp\u00e4\u00e4ss\u00e4 asustaville minipossuille sorkkien lyhent\u00e4mist\u00e4 mielekk\u00e4\u00e4mm\u00e4ksi. Projekti oli eritt\u00e4in mielenkiintoinen ja antoisa, josta syttyikin se ensimm\u00e4inen kipin\u00e4 el\u00e4inten kouluttamista ja k\u00e4ytt\u00e4ytymist\u00e4 kohtaan.<\/p>\n\n\n<div class=\"wp-block-image\">\n<figure class=\"aligncenter size-full is-resized\"><img loading=\"lazy\" decoding=\"async\" width=\"670\" height=\"945\" src=\"https:\/\/elainapupikkutassut.fi\/wp-content\/uploads\/2026\/02\/IMG_20241213_234329_586.jpg\" alt=\"\" class=\"wp-image-317\" style=\"width:394px;height:auto\" srcset=\"https:\/\/elainapupikkutassut.fi\/wp-content\/uploads\/2026\/02\/IMG_20241213_234329_586.jpg 670w, https:\/\/elainapupikkutassut.fi\/wp-content\/uploads\/2026\/02\/IMG_20241213_234329_586-213x300.jpg 213w\" sizes=\"auto, (max-width: 670px) 100vw, 670px\" \/><figcaption class=\"wp-element-caption\"><em>Riina ja minipossu Stella talvella 2019 <\/em><\/figcaption><\/figure>\n<\/div>\n\n\n<p>Kaikki el\u00e4imet ovat minulle t\u00e4rkeit\u00e4 ja arvokkaita olentoja lajiin katsomatta. Kaneilla on kuitenkin aivan erityinen paikka syd\u00e4mess\u00e4ni. Ensimm\u00e4inen kani, nyt jo edesmennyt leijonanharjaskani <strong>N\u00f6k\u00f6<\/strong>, muutti taloon syksyll\u00e4 2018. Olin el\u00e4intenhoitajana ty\u00f6skennellyt my\u00f6s kanien parissa, mutta ensimm\u00e4isen oman kanin my\u00f6t\u00e4 tapahtui varsinainen syv\u00e4sukellus kanien eritt\u00e4in kiehtovaan maailmaan. N\u00f6k\u00f6 opetti minulle valtavan paljon ja ilman t\u00e4t\u00e4 pient\u00e4 kanipoikaa en v\u00e4ltt\u00e4m\u00e4tt\u00e4 olisi l\u00e4htenyt sille tielle mill\u00e4 nyt olen. <\/p>\n\n\n\n<p>Kouluttajaopintojen aikana minulle her\u00e4si ajatus koulutus- ja hyvinvointipalveluiden tarjoamisesta etenkin kaneille, sill\u00e4 kaneille t\u00e4llaisia palveluita ei oikeastaan juurikaan ole tarjolla &#8211; siit\u00e4kin huolimatta, ett\u00e4 kyseess\u00e4 on eritt\u00e4in yleinen ja suosittu lemmikki. Minulle her\u00e4si my\u00f6s eritt\u00e4in voimakas tarve l\u00e4hte\u00e4 tuomaan kanil\u00e4ht\u00f6isi\u00e4 toimintatapoja enemm\u00e4n ihmisten tietoisuuteen sek\u00e4 tuoda kanien \u00e4\u00e4nt\u00e4 enemm\u00e4n kuuluviin. Samalla haluan pyrki\u00e4 vaikuttamaan kanien asemaan ja kohteluun, sill\u00e4 vaikka kani on suosittu lemmikkiel\u00e4in, kanit ovat my\u00f6s valtavan v\u00e4\u00e4rinymm\u00e4rrettyj\u00e4 ja aliarvostettuja el\u00e4imi\u00e4, joihin liittyy paljon uskomuksia ja ennakkok\u00e4sityksi\u00e4, jotka eiv\u00e4t pid\u00e4 lainkaan paikkaansa. N\u00e4iden pohdintojen lopputuloksena syntyi <strong>El\u00e4inapu Pikkutassut<\/strong>. Ensimm\u00e4iset 1,5 vuotta toimin sivutoimisena yritt\u00e4j\u00e4n\u00e4 palkkaty\u00f6n ohessa, kunnes joulukuussa 2025 p\u00e4\u00e4tin l\u00e4hte\u00e4 kokeilemaan onneani t\u00e4ysip\u00e4iv\u00e4isen\u00e4 yritt\u00e4j\u00e4n\u00e4. <\/p>\n\n\n<div class=\"wp-block-image\">\n<figure class=\"aligncenter size-large is-resized\"><img loading=\"lazy\" decoding=\"async\" width=\"576\" height=\"1024\" src=\"https:\/\/elainapupikkutassut.fi\/wp-content\/uploads\/2026\/02\/IMG_20220822_200844_080-576x1024.jpg\" alt=\"\" class=\"wp-image-322\" style=\"aspect-ratio:0.5625092323600375;width:403px;height:auto\" srcset=\"https:\/\/elainapupikkutassut.fi\/wp-content\/uploads\/2026\/02\/IMG_20220822_200844_080-576x1024.jpg 576w, https:\/\/elainapupikkutassut.fi\/wp-content\/uploads\/2026\/02\/IMG_20220822_200844_080-169x300.jpg 169w, https:\/\/elainapupikkutassut.fi\/wp-content\/uploads\/2026\/02\/IMG_20220822_200844_080.jpg 720w\" sizes=\"auto, (max-width: 576px) 100vw, 576px\" \/><figcaption class=\"wp-element-caption\"><em>Riina ja N\u00f6k\u00f6 <\/em><\/figcaption><\/figure>\n<\/div>\n\n\n<p>T\u00e4ll\u00e4 hetkell\u00e4 kanssamme asustavat kanikaverukset <strong>Windy <\/strong>ja <strong>Jussi. <\/strong>Windy muutti meille aikoinaan N\u00f6k\u00f6n kaveriksi ja alun hankaluuksien j\u00e4lkeen heist\u00e4 tulikin oikein hyv\u00e4t kaverukset. Kun N\u00f6k\u00f6 loppukes\u00e4st\u00e4 2022 l\u00e4hti loikkimaan vihre\u00e4mmille niityille, muutti Windyn kaveriksi rescuepupu Jussi. Pid\u00e4n t\u00e4rke\u00e4n\u00e4, ett\u00e4 arki kanien kanssa on sujuvaa ja mahdollisimman stressit\u00f6nt\u00e4 my\u00f6s kaneille &#8211; siksip\u00e4 harjoittelemme erilaisten hoitotoimenpiteiden tekemist\u00e4 osallistavasti eli pyrin tekem\u00e4\u00e4n k\u00e4sittelytoimenpiteist\u00e4 kaneille mahdollisimman mielek\u00e4st\u00e4. Harjoittelemme my\u00f6s muita arkitaitoja sek\u00e4 teemme kummankin kanin kanssa s\u00e4\u00e4nn\u00f6llisesti jumppaa, mik\u00e4 on molemmille kaneille \u00e4lytt\u00f6m\u00e4n hauskaa!<\/p>\n\n\n\n<p>El\u00e4imet ovat aivan loistavia opettajia meille ihmisille, ja t\u00e4m\u00e4n ty\u00f6n yksi parhaimmista puolista onkin se, ett\u00e4 aina riitt\u00e4\u00e4 uutta opittavaa ja ihmetelt\u00e4v\u00e4\u00e4. Pid\u00e4n my\u00f6s t\u00e4rke\u00e4n\u00e4, ett\u00e4 kehit\u00e4n omaa osaamistani ja ammattitaitoani etsim\u00e4ll\u00e4 itse aktiivisesti lis\u00e4\u00e4 tietoa el\u00e4imist\u00e4 sek\u00e4 jatkokouluttautumalla. El\u00e4intenkouluttajaopintojen j\u00e4lkeen olenkin jatkokouluttautunut suorittamalla <strong>Reaktiivisuuden t\u00e4ydennysopinnot <\/strong>sek\u00e4 <strong>Kiva K\u00e4sittelij\u00e4-<\/strong> kouluttajakoulutuksen. Etsin my\u00f6s ahkerasti itse lis\u00e4\u00e4 tietoa el\u00e4imist\u00e4 esimerkiksi erilaisten luentojen ja kirjojen kautta. <\/p>\n\n\n\n<p>Kouluttamisessa pid\u00e4n t\u00e4rke\u00e4n\u00e4, ett\u00e4 koulutustilanne on sek\u00e4 el\u00e4imelle ett\u00e4 ihmiselle hauska ja miellytt\u00e4v\u00e4 tilanne. Haluan nostaa esiin erityisesti el\u00e4inten n\u00e4k\u00f6kulmaa eri tilanteissa sek\u00e4 kannustaa ihmisi\u00e4 el\u00e4inl\u00e4ht\u00f6isiin toimintatapoihin. Tahdon auttaa el\u00e4imi\u00e4 ja heid\u00e4n omia ihmisi\u00e4\u00e4n niin pienemmiss\u00e4 kuin suuremmissakin arjen haasteissa. Tavoitteenani on olla helposti l\u00e4hestytt\u00e4v\u00e4 el\u00e4intenkouluttaja, jolta voi kysy\u00e4 apua ja neuvoja matalalla kynnyksell\u00e4 miss\u00e4 tahansa mielt\u00e4 askarruttavissa asioissa. <\/p>\n\n\n<div class=\"wp-block-image\">\n<figure class=\"aligncenter size-large is-resized\"><img loading=\"lazy\" decoding=\"async\" width=\"1024\" height=\"770\" src=\"https:\/\/elainapupikkutassut.fi\/wp-content\/uploads\/2026\/02\/DSC06888-1024x770.jpg\" alt=\"\" class=\"wp-image-189\" style=\"width:682px;height:auto\" srcset=\"https:\/\/elainapupikkutassut.fi\/wp-content\/uploads\/2026\/02\/DSC06888-1024x770.jpg 1024w, https:\/\/elainapupikkutassut.fi\/wp-content\/uploads\/2026\/02\/DSC06888-300x226.jpg 300w, https:\/\/elainapupikkutassut.fi\/wp-content\/uploads\/2026\/02\/DSC06888-768x578.jpg 768w, https:\/\/elainapupikkutassut.fi\/wp-content\/uploads\/2026\/02\/DSC06888-1536x1156.jpg 1536w, https:\/\/elainapupikkutassut.fi\/wp-content\/uploads\/2026\/02\/DSC06888-2048x1541.jpg 2048w\" sizes=\"auto, (max-width: 1024px) 100vw, 1024px\" \/><figcaption class=\"wp-element-caption\"><em>Riina ja Lumi- naali loppuvuodesta 2025. Kuva: Johanna Toivanen <\/em><\/figcaption><\/figure>\n<\/div>","protected":false},"excerpt":{"rendered":"<p>El\u00e4intenhoitaja &amp; El\u00e4intenkouluttaja (at) Riina Aapio Olen ollut lapsesta asti kiinnostunut el\u00e4imist\u00e4 ja t\u00e4m\u00e4 onkin kulkenut mukanani aina aikuisik\u00e4\u00e4n asti. Sen &#8221;oman jutun&#8221; l\u00f6ytyminen vei kuitenkin oman aikansa: lukion j\u00e4lkeen opiskelin vuoden kansanopistossa musiikkiteatteria ja hain my\u00f6s jatko-opiskelemaan kulttuurialalle, johon en kuitenkaan p\u00e4\u00e4ssyt. My\u00f6hemmin opiskelin my\u00f6s parturi-kampaajaksi, mutta totesin hyvin nopeasti, ett\u00e4 t\u00e4m\u00e4 ala ei &hellip; <\/p>\n","protected":false},"author":1,"featured_media":0,"parent":0,"menu_order":0,"comment_status":"closed","ping_status":"closed","template":"","meta":{"footnotes":""},"class_list":["post-172","page","type-page","status-publish","hentry"],"_links":{"self":[{"href":"https:\/\/elainapupikkutassut.fi\/index.php?rest_route=\/wp\/v2\/pages\/172","targetHints":{"allow":["GET"]}}],"collection":[{"href":"https:\/\/elainapupikkutassut.fi\/index.php?rest_route=\/wp\/v2\/pages"}],"about":[{"href":"https:\/\/elainapupikkutassut.fi\/index.php?rest_route=\/wp\/v2\/types\/page"}],"author":[{"embeddable":true,"href":"https:\/\/elainapupikkutassut.fi\/index.php?rest_route=\/wp\/v2\/users\/1"}],"replies":[{"embeddable":true,"href":"https:\/\/elainapupikkutassut.fi\/index.php?rest_route=%2Fwp%2Fv2%2Fcomments&post=172"}],"version-history":[{"count":20,"href":"https:\/\/elainapupikkutassut.fi\/index.php?rest_route=\/wp\/v2\/pages\/172\/revisions"}],"predecessor-version":[{"id":514,"href":"https:\/\/elainapupikkutassut.fi\/index.php?rest_route=\/wp\/v2\/pages\/172\/revisions\/514"}],"wp:attachment":[{"href":"https:\/\/elainapupikkutassut.fi\/index.php?rest_route=%2Fwp%2Fv2%2Fmedia&parent=172"}],"curies":[{"name":"wp","href":"https:\/\/api.w.org\/{rel}","templated":true}]}}